t is the highest common divisor of 854 and 98?
14
Calculate the greatest common factor of 18 and 245.
1
Calculate the highest common divisor of 27 and 333.
9
What is the highest common divisor of 20 and 1660?
20
What is the highest common factor of 7511 and 259?
259
Calculate the highest common divisor of 52146 and 36.
18
Calculate the highest common factor of 344 and 16.
8
Calculate the highest common factor of 918 and 54.
54
Calculate the highest common divisor of 2289 and 21.
21
What is the greatest common factor of 2921 and 69?
23
What is the highest common divisor of 35 and 5?
5
What is the highest common divisor of 12 and 2928?
12
Calculate the greatest common factor of 182 and 39.
13
Calculate the highest common divisor of 117 and 104.
13
Calculate the greatest common factor of 13172 and 148.
148
Calculate the highest common divisor of 16 and 12368.
16
What is the greatest common divisor of 3107 and 13?
13
What is the greatest common factor of 114 and 3492?
6
Calculate the greatest common divisor of 2512 and 48.
16
Calculate the highest common divisor of 2511 and 31.
31
Calculate the highest common divisor of 2234 and 6.
2
What is the greatest common divisor of 435 and 2871?
87
What is the highest common divisor of 438 and 36?
6
Calculate the greatest common factor of 128 and 216.
8
Calculate the highest common divisor of 286 and 8723.
143
Calculate the greatest common divisor of 26 and 6370.
26
What is the highest common divisor of 209 and 247?
19
What is the highest common factor of 143 and 689?
13
Calculate the greatest common divisor of 390 and 120.
30
Calculate the greatest common factor of 66 and 1584.
66
Calculate the highest common factor of 3 and 87.
3
Calculate the highest common factor of 27 and 2214.
27
What is the greatest common factor of 480 and 165?
15
What is the greatest common factor of 105 and 165?
15
What is the highest common factor of 952 and 112?
56
What is the greatest common divisor of 15 and 585?
15
Calculate the greatest common divisor of 75 and 175.
25
What is the highest common divisor of 55 and 165?
55
What is the highest common divisor of 165 and 460?
5
What is the highest common divisor of 105 and 77?
7
Calculate the highest common factor of 2 and 2578.
2
Calculate the greatest common divisor of 336 and 21.
21
Calculate the highest common factor of 3060 and 6460.
340
What is the greatest common divisor of 9715 and 145?
145
What is the highest common divisor of 208 and 5980?
52
Calculate the highest common factor of 312 and 260.
52
Calculate the greatest common divisor of 2680 and 40.
40
Calculate the highest common divisor of 555 and 444.
111
Calculate the greatest common factor of 385 and 2079.
77
What is the greatest common factor of 364 and 130?
26
What is the highest common factor of 90 and 10?
10
What is the highest common factor of 19 and 17993?
19
What is the greatest common factor of 1656 and 207?
207
What is the greatest common factor of 39 and 130?
13
What is the highest common factor of 26 and 338?
26
What is the highest common factor of 126 and 56?
14
What is the greatest common factor of 28 and 16?
4
What is the highest common factor of 96 and 64?
32
What is the greatest common divisor of 138 and 6?
6
What is the highest common divisor of 60 and 156?
12
Calculate the greatest common divisor of 650 and 50.
50
Calculate the greatest common factor of 42 and 210.
42
What is the highest common divisor of 57869 and 49?
49
Calculate the greatest common divisor of 3550 and 20.
10
What is the highest common divisor of 43 and 2021?
43
What is the greatest common factor of 135 and 351?
27
What is the highest common factor of 7208 and 17?
17
What is the greatest common divisor of 15503 and 111?
37
Calculate the highest common factor of 64512 and 288.
288
What is the greatest common divisor of 69194 and 116?
58
What is the greatest common divisor of 38 and 38?
38
Calculate the highest common factor of 285 and 50445.
285
What is the highest common divisor of 350 and 3250?
50
What is the highest common factor of 88 and 99?
11
What is the greatest common divisor of 364 and 104?
52
What is the greatest common factor of 378 and 2814?
42
Calculate the highest common factor of 130 and 2.
2
What is the greatest common divisor of 8 and 648?
8
What is the highest common factor of 12 and 36?
12
What is the highest common divisor of 14 and 245?
7
What is the highest common factor of 168 and 21?
21
Calculate the greatest common divisor of 42 and 224.
14
What is the highest common factor of 37 and 3552?
37
What is the highest common divisor of 264 and 2596?
44
Calculate the highest common divisor of 270 and 40.
10
Calculate the greatest common divisor of 754 and 116.
58
Calculate the highest common factor of 6570 and 30.
30
What is the greatest common divisor of 755 and 7399?
151
Calculate the highest common divisor of 218 and 1526.
218
What is the highest common divisor of 44 and 154?
22
What is the greatest common factor of 435 and 174?
87
What is the greatest common factor of 39 and 17680?
13
Calculate the highest common divisor of 1288 and 2415.
161
What is the highest common factor of 3283 and 737?
67
Calculate the highest common divisor of 23 and 11983.
23
Calculate the highest common factor of 29 and 17429.
29
Calculate the greatest common factor of 13 and 208.
13
Calculate the greatest common divisor of 558 and 450.
18
Calculate the highest common divisor of 28 and 70.
14
Calculate the highest common factor of 576 and 360.
72
Calculate the greatest common factor of 57 and 1178.
19
Calculate the highest common factor of 94 and 3431.
47
What is the greatest common divisor of 60686 and 38?
38
What is the highest common divisor of 36 and 972?
36
What is the greatest common factor of 8 and 1024?
8
Calculate the highest common divisor of 156 and 858.
78
Calculate the highest common factor of 110 and 4037.
11
Calculate the highest common divisor of 46 and 8.
2
Calculate the greatest common factor of 201 and 4623.
201
Calculate the greatest common divisor of 324 and 1782.
162
What is the highest common factor of 67 and 24321?
67
What is the greatest common factor of 140 and 40?
20
What is the greatest common divisor of 1068 and 12?
12
What is the greatest common divisor of 304 and 16?
16
What is the highest common divisor of 11 and 649?
11
What is the greatest common divisor of 36 and 2664?
36
Calculate the highest common divisor of 161 and 782.
23
What is the greatest common divisor of 1080 and 25?
5
Calculate the greatest common factor of 22 and 286.
22
Calculate the greatest common factor of 2 and 3694.
2
What is the greatest common divisor of 134 and 29681?
67
Calculate the greatest common divisor of 438 and 6.
6
Calculate the greatest common factor of 25 and 11075.
25
Calculate the highest common factor of 1026 and 36.
18
Calculate the highest common divisor of 420 and 1920.
60
What is the highest common factor of 92 and 6141?
23
Calculate the greatest common divisor of 1200 and 18960.
240
Calculate the greatest common divisor of 94 and 893.
47
Calculate the highest common divisor of 1 and 112.
1
What is the highest common factor of 17 and 2159?
17
What is the highest common divisor of 9608 and 8?
8
Calculate the highest common divisor of 1415 and 10.
5
What is the greatest common factor of 616 and 77?
77
What is the highest common divisor of 406 and 22127?
203
Calculate the greatest common factor of 846 and 18.
18
What is the greatest common factor of 510 and 330?
30
What is the greatest common divisor of 83 and 2407?
83
Calculate the highest common factor of 7209 and 1377.
81
Calculate the highest common factor of 34404 and 4.
4
What is the greatest common factor of 88 and 24?
8
What is the highest common divisor of 1391 and 481?
13
What is the greatest common factor of 55 and 27071?
11
What is the highest common factor of 160 and 360?
40
Calculate the greatest common factor of 15 and 2187.
3
Calculate the greatest common factor of 18 and 450.
18
What is the greatest common divisor of 3890 and 30?
10
What is the highest common divisor of 44 and 9746?
22
What is the greatest common factor of 520 and 5120?
40
What is the highest common divisor of 40 and 395?
5
What is the highest common divisor of 29 and 107